on factor of 27 and 99?
9
Calculate the highest common factor of 1092 and 1014.
78
Calculate the greatest common factor of 10 and 1010.
10
Calculate the greatest common divisor of 140 and 1280.
20
What is the greatest common divisor of 1219 and 621?
23
What is the greatest common divisor of 704 and 9728?
64
Calculate the greatest common divisor of 4100 and 400.
100
Calculate the highest common factor of 16205 and 35.
35
Calculate the highest common factor of 1430 and 650.
130
Calculate the greatest common divisor of 28 and 364.
28
What is the greatest common factor of 164 and 123?
41
Calculate the highest common divisor of 489 and 6.
3
What is the highest common divisor of 2537 and 43?
43
What is the highest common divisor of 420 and 1170?
30
Calculate the greatest common divisor of 3 and 519.
3
What is the highest common factor of 3590 and 10?
10
What is the greatest common factor of 24 and 116?
4
Calculate the greatest common divisor of 39 and 715.
13
Calculate the greatest common factor of 63 and 21.
21
What is the highest common divisor of 415 and 5?
5
Calculate the greatest common divisor of 54 and 306.
18
Calculate the highest common factor of 6 and 114.
6
What is the highest common divisor of 111 and 6882?
111
Calculate the highest common divisor of 24 and 600.
24
What is the highest common divisor of 240 and 3630?
30
What is the greatest common factor of 100 and 25?
25
Calculate the greatest common divisor of 114 and 1178.
38
What is the greatest common factor of 19 and 11400?
19
What is the greatest common factor of 4 and 2572?
4
Calculate the greatest common factor of 39 and 494.
13
What is the greatest common divisor of 864 and 64?
32
What is the greatest common divisor of 54 and 4?
2
Calculate the greatest common divisor of 24 and 5448.
24
What is the highest common factor of 135 and 117?
9
Calculate the highest common divisor of 129 and 3526.
43
What is the greatest common divisor of 120 and 1020?
60
What is the highest common divisor of 130 and 4?
2
What is the greatest common factor of 29 and 348?
29
Calculate the highest common divisor of 18915 and 873.
291
Calculate the greatest common factor of 713 and 23.
23
Calculate the greatest common divisor of 2432 and 1064.
152
What is the greatest common factor of 40 and 12270?
10
Calculate the highest common factor of 414 and 18.
18
What is the greatest common factor of 475 and 19095?
95
What is the greatest common divisor of 78 and 7202?
26
What is the highest common factor of 820 and 902?
82
What is the highest common factor of 108 and 6291?
27
Calculate the highest common factor of 1856 and 174.
58
Calculate the greatest common divisor of 43 and 1849.
43
What is the greatest common divisor of 6 and 894?
6
What is the greatest common divisor of 1044 and 72?
36
What is the highest common factor of 516 and 16?
4
What is the greatest common divisor of 162 and 108?
54
What is the highest common factor of 456 and 480?
24
What is the highest common divisor of 78 and 26?
26
What is the greatest common factor of 8 and 787?
1
Calculate the greatest common factor of 11 and 275.
11
What is the highest common divisor of 1977 and 3?
3
What is the greatest common factor of 11382 and 42?
42
What is the highest common factor of 50236 and 76?
76
What is the highest common factor of 6 and 16?
2
Calculate the greatest common factor of 9 and 639.
9
What is the highest common factor of 136 and 2533?
17
Calculate the greatest common factor of 308 and 2912.
28
Calculate the greatest common divisor of 58 and 11803.
29
Calculate the highest common divisor of 72 and 168.
24
What is the greatest common divisor of 13 and 5161?
13
Calculate the highest common factor of 2036 and 8.
4
What is the highest common divisor of 73051 and 319?
319
What is the highest common divisor of 528 and 16?
16
Calculate the greatest common factor of 4254 and 6.
6
What is the highest common factor of 578 and 34?
34
Calculate the greatest common factor of 4400 and 352.
176
Calculate the highest common divisor of 201 and 4087.
67
Calculate the highest common divisor of 160 and 5.
5
What is the highest common factor of 88 and 737?
11
Calculate the highest common factor of 22 and 2860.
22
What is the greatest common divisor of 63 and 36?
9
What is the greatest common divisor of 19 and 969?
19
What is the highest common factor of 5536 and 32?
32
What is the greatest common factor of 1620 and 420?
60
Calculate the greatest common factor of 12 and 48.
12
Calculate the highest common factor of 1269 and 141.
141
What is the highest common factor of 47422 and 181?
181
Calculate the highest common divisor of 57 and 1387.
19
What is the highest common factor of 13 and 637?
13
What is the highest common divisor of 3250 and 260?
130
What is the greatest common divisor of 68 and 131?
1
Calculate the highest common divisor of 15 and 6.
3
Calculate the highest common factor of 38 and 100.
2
What is the highest common factor of 51 and 357?
51
Calculate the highest common divisor of 1593 and 236.
59
Calculate the greatest common divisor of 418 and 152.
38
What is the greatest common factor of 4572 and 306?
18
What is the highest common factor of 136 and 16?
8
Calculate the highest common divisor of 33 and 2673.
33
What is the highest common divisor of 260 and 1235?
65
What is the highest common factor of 187 and 88?
11
What is the greatest common divisor of 174 and 6?
6
What is the highest common factor of 639 and 71?
71
Calculate the highest common factor of 7140 and 30.
30
Calculate the greatest common divisor of 70 and 17185.
35
What is the highest common factor of 2569 and 21?
7
What is the greatest common divisor of 160 and 11540?
20
Calculate the highest common factor of 139216 and 154.
154
Calculate the greatest common factor of 1656 and 1296.
72
Calculate the greatest common factor of 24 and 60.
12
Calculate the greatest common factor of 490 and 2058.
98
Calculate the highest common divisor of 162 and 414.
18
Calculate the highest common factor of 34 and 1411.
17
Calculate the highest common divisor of 1338 and 42.
6
Calculate the highest common factor of 5041 and 71.
71
Calculate the greatest common divisor of 16 and 848.
16
Calculate the greatest common factor of 60 and 285.
15
What is the highest common divisor of 77 and 11?
11
What is the highest common divisor of 27 and 1125?
9
Calculate the greatest common factor of 20 and 640.
20
What is the highest common divisor of 1204 and 129?
43
Calculate the highest common divisor of 1800 and 1640.
40
What is the greatest common factor of 1751 and 1030?
103
What is the highest common factor of 3753 and 278?
139
What is the greatest common divisor of 754 and 116?
58
What is the greatest common factor of 61 and 27511?
61
What is the highest common divisor of 10 and 670?
10
Calculate the greatest common divisor of 32 and 160.
32
What is the greatest common factor of 212 and 12?
4
What is the greatest common factor of 275 and 25?
25
Calculate the highest common factor of 10 and 50.
10
Calculate the highest common divisor of 15 and 165.
15
Calculate the highest common factor of 48 and 1936.
16
What is the highest common divisor of 117 and 261?
9
What is the greatest common factor of 76 and 19?
19
Calculate the highest common factor of 126 and 14364.
126
What is the greatest common factor of 96 and 768?
96
Calculate the greatest common divisor of 14 and 6762.
14
What is the greatest common divisor of 912 and 33?
3
What is the greatest common divisor of 85 and 289?
17
What is the greatest common factor of 96 and 7656?
24
Calculate the highest common divisor of 960 and 15.
15
Calculate the highest common factor of 144 and 2844.
36
What is the greatest common factor of 69 and 943?
23
What is the highest common divisor of 320 and 280?
40
Calculate the greatest common factor of 31435 and 10.
5
Calculate the highest common divisor of 958 and 2.
2
Calculate the greatest common factor of 861 and 7.
7
What is the greatest common divisor of 3901 and 188?
47
Calculate the greatest common factor of 792 and 3663.
99
Calculate the highest common factor of 665 and 70.
35
Calculate the greatest common divisor of 128 and 2.
2
Calculate the greatest common factor of 57 and 1387.
19
What is the highest common facto